{"id":267,"date":"2025-09-08T08:20:52","date_gmt":"2025-09-08T06:20:52","guid":{"rendered":"https:\/\/audioinspirator.hu\/?page_id=267"},"modified":"2025-09-15T16:44:17","modified_gmt":"2025-09-15T14:44:17","slug":"music-for-you","status":"publish","type":"page","link":"https:\/\/audioinspirator.hu\/?page_id=267","title":{"rendered":"ZENE"},"content":{"rendered":"\n<div class=\"wp-block-group alignwide has-global-padding is-layout-constrained wp-block-group-is-layout-constrained\">\n<h1 class=\"wp-block-heading alignwide has-text-align-center is-style-default has-contrast-3-background-color has-background has-medium-font-size\" style=\"line-height:1.2\">Ebben a men\u00fcpontban v\u00e1logatott <strong>DJ mixek<\/strong> \u00e9s k\u00fcl\u00f6nleges zenei \u00f6ssze\u00e1ll\u00edt\u00e1sok \u00e9rhet\u0151k el, amelyek nemcsak sz\u00f3rakoztatnak, hanem <strong>YouTube megoszt\u00e1sok<\/strong> form\u00e1j\u00e1ban b\u00e1rhol k\u00f6nnyen el\u00e9rhet\u0151k.<br>A gy\u0171jtem\u00e9nyben megtal\u00e1lhat\u00f3k <strong>audiophile zen\u00e9k<\/strong> a legig\u00e9nyesebb hallgat\u00f3knak, valamint olyan felv\u00e9telek, amelyek ide\u00e1lisak <strong>hangfal bej\u00e1rat\u00e1shoz sz\u00fcks\u00e9ges zene<\/strong> form\u00e1j\u00e1ban is.<br>Folyamatosan b\u0151v\u00edtj\u00fck a k\u00edn\u00e1latot, \u00edgy mindig \u00faj \u00e9lm\u00e9nyt ny\u00fajtanak azok sz\u00e1m\u00e1ra, akik min\u0151s\u00e9gi hangz\u00e1sra \u00e9s v\u00e1ltozatos zenei \u00e9lm\u00e9nyre v\u00e1gynak.<\/h1>\n\n\n\n<div class=\"wp-block-media-text is-stacked-on-mobile\" style=\"padding-top:var(--wp--preset--spacing--20);padding-bottom:var(--wp--preset--spacing--20);grid-template-columns:62% auto\"><figure class=\"wp-block-media-text__media\"><img loading=\"lazy\" decoding=\"async\" width=\"300\" height=\"250\" src=\"https:\/\/audioinspirator.hu\/wp-content\/uploads\/2025\/09\/Aux-banner-300x250-1.gif\" alt=\"\" class=\"wp-image-383 size-full\"\/><\/figure><div class=\"wp-block-media-text__content\">\n<p class=\"has-text-align-center\"><strong>Nyitvatart\u00e1s<\/strong><\/p>\n\n\n\n<p class=\"has-text-align-center\"><br>2025. okt\u00f3ber 4. szombat: 10:00 &#8211; 18:00<\/p>\n\n\n\n<p class=\"has-text-align-center\">2025. okt\u00f3ber 5. vas\u00e1rnap: 10:00 &#8211; 18:00<\/p>\n<\/div><\/div>\n<\/div>\n\n\n\n<div class=\"wp-block-group alignfull has-global-padding is-layout-constrained wp-container-core-group-is-layout-b25ccd55 wp-block-group-is-layout-constrained\" style=\"margin-top:0;margin-bottom:0;padding-top:var(--wp--preset--spacing--50);padding-right:var(--wp--preset--spacing--50);padding-bottom:var(--wp--preset--spacing--50);padding-left:var(--wp--preset--spacing--50)\">\n<div class=\"wp-block-columns alignwide is-layout-flex wp-container-core-columns-is-layout-ff4b9c61 wp-block-columns-is-layout-flex\" style=\"margin-top:0;margin-bottom:0\">\n<div class=\"wp-block-column is-layout-flow wp-container-core-column-is-layout-8a368f38 wp-block-column-is-layout-flow\">\n<div class=\"wp-block-cover\"><img loading=\"lazy\" decoding=\"async\" width=\"498\" height=\"371\" class=\"wp-block-cover__image-background wp-image-268\" alt=\"\" src=\"https:\/\/audioinspirator.hu\/wp-content\/uploads\/2025\/09\/party-lights-night-life.gif\" data-object-fit=\"cover\"\/><span aria-hidden=\"true\" class=\"wp-block-cover__background has-background-dim\"><\/span><div class=\"wp-block-cover__inner-container is-layout-flow wp-block-cover-is-layout-flow\">\n<p class=\"has-text-align-center has-base-2-color has-text-color has-link-color has-large-font-size wp-elements-e13c8eed57835e8799a5aaf1b2ac219f\"><a href=\"https:\/\/videa.hu\/videok\/zene\/mixing-2024-classic-house-videomix-tech-video-zene-3sNQXUD98TwVNLc6\">pictopic.hu mix&amp;video deep house vol.1<\/a><\/p>\n<\/div><\/div>\n\n\n\n<div style=\"height:var(--wp--preset--spacing--50)\" aria-hidden=\"true\" class=\"wp-block-spacer\"><\/div>\n\n\n\n<div class=\"wp-block-cover\"><img loading=\"lazy\" decoding=\"async\" width=\"512\" height=\"512\" class=\"wp-block-cover__image-background wp-image-289\" alt=\"\" src=\"https:\/\/audioinspirator.hu\/wp-content\/uploads\/2025\/09\/unnamed.png\" data-object-fit=\"cover\" srcset=\"https:\/\/audioinspirator.hu\/wp-content\/uploads\/2025\/09\/unnamed.png 512w, https:\/\/audioinspirator.hu\/wp-content\/uploads\/2025\/09\/unnamed-300x300.png 300w, https:\/\/audioinspirator.hu\/wp-content\/uploads\/2025\/09\/unnamed-150x150.png 150w\" sizes=\"auto, (max-width: 512px) 100vw, 512px\" \/><span aria-hidden=\"true\" class=\"wp-block-cover__background has-background-dim\"><\/span><div class=\"wp-block-cover__inner-container is-layout-flow wp-block-cover-is-layout-flow\">\n<p class=\"has-text-align-center has-base-2-color has-text-color has-link-color has-large-font-size wp-elements-10830b475467493997641856dc817998\"><a href=\"https:\/\/www.youtube.com\/watch?v=Nsc5XTe2IHg\">Sound System Demagnetizing, Warm-up &amp; Burn-in (for Audiophiles<\/a>)<\/p>\n<\/div><\/div>\n\n\n\n<div style=\"height:var(--wp--preset--spacing--50)\" aria-hidden=\"true\" class=\"wp-block-spacer\"><\/div>\n\n\n<\/div>\n\n\n\n<div class=\"wp-block-column is-layout-flow wp-container-core-column-is-layout-8a368f38 wp-block-column-is-layout-flow\">\n<div style=\"height:var(--wp--preset--spacing--50)\" aria-hidden=\"true\" class=\"wp-block-spacer\"><\/div>\n\n\n\n<div class=\"wp-block-cover\"><img loading=\"lazy\" decoding=\"async\" width=\"281\" height=\"500\" class=\"wp-block-cover__image-background wp-image-280 size-full\" alt=\"\" src=\"https:\/\/audioinspirator.hu\/wp-content\/uploads\/2025\/09\/8a189d4613f862eae3ac44712d4a70f0.gif\" data-object-fit=\"cover\"\/><span aria-hidden=\"true\" class=\"wp-block-cover__background has-background-dim\" style=\"background-color:#453221\"><\/span><div class=\"wp-block-cover__inner-container is-layout-flow wp-block-cover-is-layout-flow\">\n<p class=\"has-text-align-center has-base-2-color has-text-color has-link-color has-large-font-size wp-elements-1f7f546b7fcf7b3fbf6a053080f44838\"><a href=\"https:\/\/videa.hu\/videok\/zene\/pictopic.hu-mixed-house-music-1h-tech-techno-video-BdmzBdKDMpTXTedd\">pictopic.hu mixed House Music 1h vol.2<\/a><\/p>\n<\/div><\/div>\n\n\n\n<div style=\"height:var(--wp--preset--spacing--50)\" aria-hidden=\"true\" class=\"wp-block-spacer\"><\/div>\n\n\n\n<div class=\"wp-block-cover\"><img loading=\"lazy\" decoding=\"async\" width=\"900\" height=\"675\" class=\"wp-block-cover__image-background wp-image-11\" alt=\"\" src=\"http:\/\/audioinspirator.hu\/wp-content\/uploads\/2025\/02\/speaker-wall-right-sean-welsby.jpg\" data-object-fit=\"cover\" srcset=\"https:\/\/audioinspirator.hu\/wp-content\/uploads\/2025\/02\/speaker-wall-right-sean-welsby.jpg 900w, https:\/\/audioinspirator.hu\/wp-content\/uploads\/2025\/02\/speaker-wall-right-sean-welsby-300x225.jpg 300w, https:\/\/audioinspirator.hu\/wp-content\/uploads\/2025\/02\/speaker-wall-right-sean-welsby-768x576.jpg 768w\" sizes=\"auto, (max-width: 900px) 100vw, 900px\" \/><span aria-hidden=\"true\" class=\"wp-block-cover__background has-background-dim\"><\/span><div class=\"wp-block-cover__inner-container is-layout-flow wp-block-cover-is-layout-flow\">\n<p class=\"has-text-align-center has-base-2-color has-text-color has-link-color has-large-font-size wp-elements-37b7eeb941407f758be4d6ecac47d113\"><a href=\"https:\/\/www.youtube.com\/watch?v=ic713M7aWGU\">Hi-Res Audio Explained: The Ultimate Guide to High-Fidelity Sound<\/a><\/p>\n<\/div><\/div>\n\n\n\n<div style=\"height:var(--wp--preset--spacing--50)\" aria-hidden=\"true\" class=\"wp-block-spacer\"><\/div>\n\n\n<\/div>\n\n\n\n<div class=\"wp-block-column is-layout-flow wp-container-core-column-is-layout-8a368f38 wp-block-column-is-layout-flow\">\n<div class=\"wp-block-cover\"><img loading=\"lazy\" decoding=\"async\" width=\"600\" height=\"600\" class=\"wp-block-cover__image-background wp-image-285 size-full\" alt=\"\" src=\"https:\/\/audioinspirator.hu\/wp-content\/uploads\/2025\/09\/9b8134dad748d4eedb028f2d2ff15b81.gif\" data-object-fit=\"cover\"\/><span aria-hidden=\"true\" class=\"wp-block-cover__background has-background-dim\" style=\"background-color:#4649b3\"><\/span><div class=\"wp-block-cover__inner-container is-layout-flow wp-block-cover-is-layout-flow\">\n<p class=\"has-text-align-center has-base-2-color has-text-color has-link-color has-large-font-size wp-elements-17a760b6562304995c54e7a5943f4d2b\"><a href=\"https:\/\/videa.hu\/videok\/zene\/mixing-2024-classic-house-videomix-tech-video-zene-3sNQXUD98TwVNLc6\">Mixing 2024 Classic House videomix<\/a><\/p>\n<\/div><\/div>\n\n\n\n<div style=\"height:var(--wp--preset--spacing--50)\" aria-hidden=\"true\" class=\"wp-block-spacer\"><\/div>\n\n\n\n\n\n<div style=\"height:var(--wp--preset--spacing--50)\" aria-hidden=\"true\" class=\"wp-block-spacer\"><\/div>\n\n\n<\/div>\n\n\n\n<div class=\"wp-block-column is-layout-flow wp-container-core-column-is-layout-8a368f38 wp-block-column-is-layout-flow\">\n<div style=\"height:var(--wp--preset--spacing--50)\" aria-hidden=\"true\" class=\"wp-block-spacer\"><\/div>\n\n\n\n<div class=\"wp-block-cover\"><img loading=\"lazy\" decoding=\"async\" width=\"360\" height=\"480\" class=\"wp-block-cover__image-background wp-image-287\" alt=\"\" src=\"https:\/\/audioinspirator.hu\/wp-content\/uploads\/2025\/09\/42142088fade1018e8fd5cc1bbd2597f.jpg\" data-object-fit=\"cover\" srcset=\"https:\/\/audioinspirator.hu\/wp-content\/uploads\/2025\/09\/42142088fade1018e8fd5cc1bbd2597f.jpg 360w, https:\/\/audioinspirator.hu\/wp-content\/uploads\/2025\/09\/42142088fade1018e8fd5cc1bbd2597f-225x300.jpg 225w\" sizes=\"auto, (max-width: 360px) 100vw, 360px\" \/><span aria-hidden=\"true\" class=\"wp-block-cover__background has-background-dim\"><\/span><div class=\"wp-block-cover__inner-container is-layout-flow wp-block-cover-is-layout-flow\">\n<p class=\"has-text-align-center has-base-2-color has-text-color has-link-color has-large-font-size wp-elements-24b90201f75411e20f96bd983bd7f2d1\"><a href=\"https:\/\/www.youtube.com\/watch?v=uWSAg3bQQ8A&amp;list=RDQMuzELzqvcLZ0&amp;start_radio=1\">BEST VOICES HIGH QUALITY MUSIC &#8211; AUDIOPHILE MUSIC COLLECTION 2018<\/a><\/p>\n<\/div><\/div>\n\n\n\n<div style=\"height:var(--wp--preset--spacing--50)\" aria-hidden=\"true\" class=\"wp-block-spacer\"><\/div>\n\n\n\n\n\n<div style=\"height:var(--wp--preset--spacing--50)\" aria-hidden=\"true\" class=\"wp-block-spacer\"><\/div>\n\n\n<\/div>\n<\/div>\n<\/div>\n","protected":false},"excerpt":{"rendered":"<p>Ebben a men\u00fcpontban v\u00e1logatott DJ mixek \u00e9s k\u00fcl\u00f6nleges zenei \u00f6ssze\u00e1ll\u00edt\u00e1sok \u00e9rhet\u0151k el, amelyek nemcsak sz\u00f3rakoztatnak, hanem YouTube megoszt\u00e1sok form\u00e1j\u00e1ban b\u00e1rhol k\u00f6nnyen el\u00e9rhet\u0151k.A gy\u0171jtem\u00e9nyben megtal\u00e1lhat\u00f3k audiophile zen\u00e9k a legig\u00e9nyesebb hallgat\u00f3knak, valamint olyan felv\u00e9telek, amelyek ide\u00e1lisak hangfal bej\u00e1rat\u00e1shoz sz\u00fcks\u00e9ges zene form\u00e1j\u00e1ban is.Folyamatosan b\u0151v\u00edtj\u00fck a k\u00edn\u00e1latot, \u00edgy mindig \u00faj \u00e9lm\u00e9nyt ny\u00fajtanak azok sz\u00e1m\u00e1ra, akik min\u0151s\u00e9gi hangz\u00e1sra \u00e9s v\u00e1ltozatos [&hellip;]<\/p>\n","protected":false},"author":1,"featured_media":259,"parent":0,"menu_order":0,"comment_status":"closed","ping_status":"closed","template":"","meta":{"footnotes":""},"class_list":["post-267","page","type-page","status-publish","has-post-thumbnail","hentry"],"yoast_head":"<!-- This site is optimized with the Yoast SEO plugin v27.3 - https:\/\/yoast.com\/product\/yoast-seo-wordpress\/ -->\n<title>Zene: Deep House Mix for Audiophiles - www.audioinspirator.hu<\/title>\n<meta name=\"description\" content=\"Audiophile zen\u00e9k gy\u0171jtem\u00e9nye a legig\u00e9nyesebb hallgat\u00f3knak \u2013 min\u0151s\u00e9gi hangz\u00e1s, k\u00fcl\u00f6nleges v\u00e1logat\u00e1sok \u00e9s aj\u00e1nl\u00f3k egy helyen.\" \/>\n<meta name=\"robots\" content=\"index, follow, max-snippet:-1, max-image-preview:large, max-video-preview:-1\" \/>\n<link rel=\"canonical\" href=\"https:\/\/audioinspirator.hu\/?page_id=267\" \/>\n<meta property=\"og:locale\" content=\"hu_HU\" \/>\n<meta property=\"og:type\" content=\"article\" \/>\n<meta property=\"og:title\" content=\"Zene: Deep House Mix for Audiophiles - www.audioinspirator.hu\" \/>\n<meta property=\"og:description\" content=\"Audiophile zen\u00e9k gy\u0171jtem\u00e9nye a legig\u00e9nyesebb hallgat\u00f3knak \u2013 min\u0151s\u00e9gi hangz\u00e1s, k\u00fcl\u00f6nleges v\u00e1logat\u00e1sok \u00e9s aj\u00e1nl\u00f3k egy helyen.\" \/>\n<meta property=\"og:url\" content=\"https:\/\/audioinspirator.hu\/?page_id=267\" \/>\n<meta property=\"og:site_name\" content=\"www.audioinspirator.hu\" \/>\n<meta property=\"article:modified_time\" content=\"2025-09-15T14:44:17+00:00\" \/>\n<meta property=\"og:image\" content=\"http:\/\/audioinspirator.hu\/wp-content\/uploads\/2025\/02\/party-lights-night-life.gif\" \/>\n\t<meta property=\"og:image:width\" content=\"498\" \/>\n\t<meta property=\"og:image:height\" content=\"371\" \/>\n\t<meta property=\"og:image:type\" content=\"image\/gif\" \/>\n<meta name=\"twitter:card\" content=\"summary_large_image\" \/>\n<meta name=\"twitter:label1\" content=\"Becs\u00fclt olvas\u00e1si id\u0151\" \/>\n\t<meta name=\"twitter:data1\" content=\"4 perc\" \/>\n<script type=\"application\/ld+json\" class=\"yoast-schema-graph\">{\"@context\":\"https:\\\/\\\/schema.org\",\"@graph\":[{\"@type\":\"WebPage\",\"@id\":\"https:\\\/\\\/audioinspirator.hu\\\/?page_id=267\",\"url\":\"https:\\\/\\\/audioinspirator.hu\\\/?page_id=267\",\"name\":\"Zene: Deep House Mix for Audiophiles - www.audioinspirator.hu\",\"isPartOf\":{\"@id\":\"https:\\\/\\\/audioinspirator.hu\\\/#website\"},\"primaryImageOfPage\":{\"@id\":\"https:\\\/\\\/audioinspirator.hu\\\/?page_id=267#primaryimage\"},\"image\":{\"@id\":\"https:\\\/\\\/audioinspirator.hu\\\/?page_id=267#primaryimage\"},\"thumbnailUrl\":\"https:\\\/\\\/audioinspirator.hu\\\/wp-content\\\/uploads\\\/2025\\\/02\\\/party-lights-night-life.gif\",\"datePublished\":\"2025-09-08T06:20:52+00:00\",\"dateModified\":\"2025-09-15T14:44:17+00:00\",\"description\":\"Audiophile zen\u00e9k gy\u0171jtem\u00e9nye a legig\u00e9nyesebb hallgat\u00f3knak \u2013 min\u0151s\u00e9gi hangz\u00e1s, k\u00fcl\u00f6nleges v\u00e1logat\u00e1sok \u00e9s aj\u00e1nl\u00f3k egy helyen.\",\"breadcrumb\":{\"@id\":\"https:\\\/\\\/audioinspirator.hu\\\/?page_id=267#breadcrumb\"},\"inLanguage\":\"hu\",\"potentialAction\":[{\"@type\":\"ReadAction\",\"target\":[\"https:\\\/\\\/audioinspirator.hu\\\/?page_id=267\"]}]},{\"@type\":\"ImageObject\",\"inLanguage\":\"hu\",\"@id\":\"https:\\\/\\\/audioinspirator.hu\\\/?page_id=267#primaryimage\",\"url\":\"https:\\\/\\\/audioinspirator.hu\\\/wp-content\\\/uploads\\\/2025\\\/02\\\/party-lights-night-life.gif\",\"contentUrl\":\"https:\\\/\\\/audioinspirator.hu\\\/wp-content\\\/uploads\\\/2025\\\/02\\\/party-lights-night-life.gif\",\"width\":498,\"height\":371},{\"@type\":\"BreadcrumbList\",\"@id\":\"https:\\\/\\\/audioinspirator.hu\\\/?page_id=267#breadcrumb\",\"itemListElement\":[{\"@type\":\"ListItem\",\"position\":1,\"name\":\"Kezd\u0151lap\",\"item\":\"https:\\\/\\\/audioinspirator.hu\\\/\"},{\"@type\":\"ListItem\",\"position\":2,\"name\":\"ZENE\"}]},{\"@type\":\"WebSite\",\"@id\":\"https:\\\/\\\/audioinspirator.hu\\\/#website\",\"url\":\"https:\\\/\\\/audioinspirator.hu\\\/\",\"name\":\"www.audioinspirator.hu\",\"description\":\"\",\"publisher\":{\"@id\":\"https:\\\/\\\/audioinspirator.hu\\\/#\\\/schema\\\/person\\\/194c0e5345cf5c9c8a1bcfa07bbcc067\"},\"potentialAction\":[{\"@type\":\"SearchAction\",\"target\":{\"@type\":\"EntryPoint\",\"urlTemplate\":\"https:\\\/\\\/audioinspirator.hu\\\/?s={search_term_string}\"},\"query-input\":{\"@type\":\"PropertyValueSpecification\",\"valueRequired\":true,\"valueName\":\"search_term_string\"}}],\"inLanguage\":\"hu\"},{\"@type\":[\"Person\",\"Organization\"],\"@id\":\"https:\\\/\\\/audioinspirator.hu\\\/#\\\/schema\\\/person\\\/194c0e5345cf5c9c8a1bcfa07bbcc067\",\"name\":\"audioinspirator\",\"image\":{\"@type\":\"ImageObject\",\"inLanguage\":\"hu\",\"@id\":\"https:\\\/\\\/audioinspirator.hu\\\/wp-content\\\/uploads\\\/2025\\\/02\\\/cropped-inspi.png\",\"url\":\"https:\\\/\\\/audioinspirator.hu\\\/wp-content\\\/uploads\\\/2025\\\/02\\\/cropped-inspi.png\",\"contentUrl\":\"https:\\\/\\\/audioinspirator.hu\\\/wp-content\\\/uploads\\\/2025\\\/02\\\/cropped-inspi.png\",\"width\":512,\"height\":512,\"caption\":\"audioinspirator\"},\"logo\":{\"@id\":\"https:\\\/\\\/audioinspirator.hu\\\/wp-content\\\/uploads\\\/2025\\\/02\\\/cropped-inspi.png\"},\"sameAs\":[\"http:\\\/\\\/www.audioinspirator.hu\"]}]}<\/script>\n<!-- \/ Yoast SEO plugin. -->","yoast_head_json":{"title":"Zene: Deep House Mix for Audiophiles - www.audioinspirator.hu","description":"Audiophile zen\u00e9k gy\u0171jtem\u00e9nye a legig\u00e9nyesebb hallgat\u00f3knak \u2013 min\u0151s\u00e9gi hangz\u00e1s, k\u00fcl\u00f6nleges v\u00e1logat\u00e1sok \u00e9s aj\u00e1nl\u00f3k egy helyen.","robots":{"index":"index","follow":"follow","max-snippet":"max-snippet:-1","max-image-preview":"max-image-preview:large","max-video-preview":"max-video-preview:-1"},"canonical":"https:\/\/audioinspirator.hu\/?page_id=267","og_locale":"hu_HU","og_type":"article","og_title":"Zene: Deep House Mix for Audiophiles - www.audioinspirator.hu","og_description":"Audiophile zen\u00e9k gy\u0171jtem\u00e9nye a legig\u00e9nyesebb hallgat\u00f3knak \u2013 min\u0151s\u00e9gi hangz\u00e1s, k\u00fcl\u00f6nleges v\u00e1logat\u00e1sok \u00e9s aj\u00e1nl\u00f3k egy helyen.","og_url":"https:\/\/audioinspirator.hu\/?page_id=267","og_site_name":"www.audioinspirator.hu","article_modified_time":"2025-09-15T14:44:17+00:00","og_image":[{"width":498,"height":371,"url":"http:\/\/audioinspirator.hu\/wp-content\/uploads\/2025\/02\/party-lights-night-life.gif","type":"image\/gif"}],"twitter_card":"summary_large_image","twitter_misc":{"Becs\u00fclt olvas\u00e1si id\u0151":"4 perc"},"schema":{"@context":"https:\/\/schema.org","@graph":[{"@type":"WebPage","@id":"https:\/\/audioinspirator.hu\/?page_id=267","url":"https:\/\/audioinspirator.hu\/?page_id=267","name":"Zene: Deep House Mix for Audiophiles - www.audioinspirator.hu","isPartOf":{"@id":"https:\/\/audioinspirator.hu\/#website"},"primaryImageOfPage":{"@id":"https:\/\/audioinspirator.hu\/?page_id=267#primaryimage"},"image":{"@id":"https:\/\/audioinspirator.hu\/?page_id=267#primaryimage"},"thumbnailUrl":"https:\/\/audioinspirator.hu\/wp-content\/uploads\/2025\/02\/party-lights-night-life.gif","datePublished":"2025-09-08T06:20:52+00:00","dateModified":"2025-09-15T14:44:17+00:00","description":"Audiophile zen\u00e9k gy\u0171jtem\u00e9nye a legig\u00e9nyesebb hallgat\u00f3knak \u2013 min\u0151s\u00e9gi hangz\u00e1s, k\u00fcl\u00f6nleges v\u00e1logat\u00e1sok \u00e9s aj\u00e1nl\u00f3k egy helyen.","breadcrumb":{"@id":"https:\/\/audioinspirator.hu\/?page_id=267#breadcrumb"},"inLanguage":"hu","potentialAction":[{"@type":"ReadAction","target":["https:\/\/audioinspirator.hu\/?page_id=267"]}]},{"@type":"ImageObject","inLanguage":"hu","@id":"https:\/\/audioinspirator.hu\/?page_id=267#primaryimage","url":"https:\/\/audioinspirator.hu\/wp-content\/uploads\/2025\/02\/party-lights-night-life.gif","contentUrl":"https:\/\/audioinspirator.hu\/wp-content\/uploads\/2025\/02\/party-lights-night-life.gif","width":498,"height":371},{"@type":"BreadcrumbList","@id":"https:\/\/audioinspirator.hu\/?page_id=267#breadcrumb","itemListElement":[{"@type":"ListItem","position":1,"name":"Kezd\u0151lap","item":"https:\/\/audioinspirator.hu\/"},{"@type":"ListItem","position":2,"name":"ZENE"}]},{"@type":"WebSite","@id":"https:\/\/audioinspirator.hu\/#website","url":"https:\/\/audioinspirator.hu\/","name":"www.audioinspirator.hu","description":"","publisher":{"@id":"https:\/\/audioinspirator.hu\/#\/schema\/person\/194c0e5345cf5c9c8a1bcfa07bbcc067"},"potentialAction":[{"@type":"SearchAction","target":{"@type":"EntryPoint","urlTemplate":"https:\/\/audioinspirator.hu\/?s={search_term_string}"},"query-input":{"@type":"PropertyValueSpecification","valueRequired":true,"valueName":"search_term_string"}}],"inLanguage":"hu"},{"@type":["Person","Organization"],"@id":"https:\/\/audioinspirator.hu\/#\/schema\/person\/194c0e5345cf5c9c8a1bcfa07bbcc067","name":"audioinspirator","image":{"@type":"ImageObject","inLanguage":"hu","@id":"https:\/\/audioinspirator.hu\/wp-content\/uploads\/2025\/02\/cropped-inspi.png","url":"https:\/\/audioinspirator.hu\/wp-content\/uploads\/2025\/02\/cropped-inspi.png","contentUrl":"https:\/\/audioinspirator.hu\/wp-content\/uploads\/2025\/02\/cropped-inspi.png","width":512,"height":512,"caption":"audioinspirator"},"logo":{"@id":"https:\/\/audioinspirator.hu\/wp-content\/uploads\/2025\/02\/cropped-inspi.png"},"sameAs":["http:\/\/www.audioinspirator.hu"]}]}},"_links":{"self":[{"href":"https:\/\/audioinspirator.hu\/index.php?rest_route=\/wp\/v2\/pages\/267","targetHints":{"allow":["GET"]}}],"collection":[{"href":"https:\/\/audioinspirator.hu\/index.php?rest_route=\/wp\/v2\/pages"}],"about":[{"href":"https:\/\/audioinspirator.hu\/index.php?rest_route=\/wp\/v2\/types\/page"}],"author":[{"embeddable":true,"href":"https:\/\/audioinspirator.hu\/index.php?rest_route=\/wp\/v2\/users\/1"}],"replies":[{"embeddable":true,"href":"https:\/\/audioinspirator.hu\/index.php?rest_route=%2Fwp%2Fv2%2Fcomments&post=267"}],"version-history":[{"count":24,"href":"https:\/\/audioinspirator.hu\/index.php?rest_route=\/wp\/v2\/pages\/267\/revisions"}],"predecessor-version":[{"id":390,"href":"https:\/\/audioinspirator.hu\/index.php?rest_route=\/wp\/v2\/pages\/267\/revisions\/390"}],"wp:featuredmedia":[{"embeddable":true,"href":"https:\/\/audioinspirator.hu\/index.php?rest_route=\/wp\/v2\/media\/259"}],"wp:attachment":[{"href":"https:\/\/audioinspirator.hu\/index.php?rest_route=%2Fwp%2Fv2%2Fmedia&parent=267"}],"curies":[{"name":"wp","href":"https:\/\/api.w.org\/{rel}","templated":true}]}}